Calculate the greatest common divisor of y and 1.
1
Let a = 30982 - 30379. What is the highest common factor of 207 and a?
9
Let i = -5929 - -14259. What is the greatest common factor of 10 and i?
10
Suppose 3*o - 237 = 4*r - 1046, 0 = 2*r - 5*o - 401. Let u = 212 - r. Calculate the greatest common factor of u and 9.
9
Suppose -773 = -7*s + 32. Let a = s + -436. Let b = -139 - a. Calculate the greatest common divisor of b and 26.
26
Let q be (38/(-4))/(127/(-1016)). Calculate the highest common divisor of q and 247.
19
Suppose -6*k = -4019 + 641. Let x = 590 - k. Calculate the highest common factor of 837 and x.
27
Let x(t) = t**2 + 11*t + 4. Let d be x(-14). Suppose 7*z - d = 122. Calculate the greatest common factor of z and 36.
12
Let k(j) = 12*j**2 - 1. Let a be k(-1). Suppose 4*r - 20 = 4*o, 4*r + 9 = r - 3*o. Calculate the greatest common factor of a and r.
1
Suppose 5*g + 5*h = 45, 5*g + h = 6*h - 5. Suppose 0 = -3*n - g*y + 342, 0 = 5*n - 3*y - 364 - 235. Calculate the highest common divisor of n and 177.
59
Suppose -4*i = -19*i - 2730. Let z = -156 - i. Let h be 3/(-1)*286/(-3). Calculate the highest common divisor of z and h.
26
Let m = 8344 - 539. Calculate the highest common divisor of 35 and m.
35
Suppose -33349*s + 33344*s + 155 = 0. Calculate the highest common factor of 59117 and s.
31
Let g = 4190 + -4015. Calculate the highest common divisor of g and 224.
7
Let l be 0 - (-98)/18 - 92/207 - -12711. Calculate the highest common divisor of 88 and l.
44
Let t(o) = 4297*o**3 - 4296*o**3 + 0*o - o + 10 - o**2. Let q be t(0). Let w be ((-10)/7)/(5/(-35)). What is the greatest common divisor of w and q?
10
Suppose -113*f = -5092 - 3948. What is the greatest common factor of 1130 and f?
10
Suppose -16*g - 4*g + 4025 = 3*g. Calculate the greatest common divisor of g and 11200.
175
Suppose -101 = r - 126. Let z(p) = -p**2 + 26*p + 11. Let j be z(r). Let l be 2*(-92 + 1)*j/(-21). Calculate the greatest common factor of l and 24.
24
Suppose -451 = -s - 5*d, -227*s - d = -226*s - 455. What is the highest common factor of 48 and s?
24
Let b(d) = -2*d**2 + 90*d - 435. Let c be b(39). What is the greatest common factor of c and 1353?
33
Let y be (17 - 23)*(-4 - (-350)/(-30)). What is the greatest common factor of 2021 and y?
47
Suppose 0*a - 2*a + 18 = 0. Let d = 298 + -91. Calculate the greatest common factor of d and a.
9
Let i be 0 - (-3)/12*6*-6. Let u be 0 - -70 - (i + 10). Let b = -24 + u. Calculate the highest common factor of b and 18.
9
Suppose 105 - 325 = -q. Suppose 13*y + q = 17*y. Let m be y - 0 - (1 + -1). What is the greatest common factor of 5 and m?
5
Suppose 4*m + x = -99, 7*x = 4*m + 2*x + 105. Let f = m - -29. Suppose -2 = -r - s + 5, -4*s = 2*r - 22. Calculate the greatest common divisor of r and f.
1
Let g(n) = -381*n - 722. Let x be g(-2). Let j be (-2)/5 + 714/(-15). Let p = x - j. What is the highest common factor of 8 and p?
8
Suppose 333 = 5*s + 3*z, 0*z = 5*s - 2*z - 353. Let x = 30073 + -30070. Calculate the greatest common divisor of s and x.
3
Let s be 63 - ((-47)/9 + (-8)/(-36)). Let j = -58 + s. Suppose 0 = -2*l + 4*l - 4. What is the greatest common factor of j and l?
2
Suppose -4*l = 2*w + 7*w - 159, -10 = -w - 3*l. What is the greatest common divisor of w and 2451?
19
Suppose -4 + 559 = 5*q. Let f = q - 77. Suppose -f = -a + 4*u, -5*a + 8*a = -5*u + 170. What is the greatest common divisor of 10 and a?
10
Suppose 47*u = 71*u - 9768. Let z(s) = s**2 + s + 7. Let k be z(5). What is the highest common factor of u and k?
37
Suppose -d + u + 154 = 0, 0 = -3*d + 8*d - 4*u - 766. What is the greatest common factor of 7700 and d?
50
Let u(s) = -s**3 + 14*s**2 + 24*s + 219. Let k be u(16). What is the highest common factor of 13 and k?
13
Let g(b) = 6*b**2 - 4*b - 4. Suppose -x - 2 = 0, w - 2*w - 8 = 5*x. Let t be g(w). What is the greatest common factor of t and 15?
3
Let f = -33269 - -33314. Let s = 0 + 25. Calculate the highest common factor of f and s.
5
Suppose -60 - 36 = -6*z. Let c(i) = i**2 - 16*i + 14. Let k be c(z). Suppose -5*p + p = m - 53, -5 = -p - 3*m. Calculate the greatest common divisor of k and p.
14
Let q(z) = -2*z**3 - 7*z**2 - 12*z - 88. Let m be q(-5). Calculate the highest common divisor of m and 47.
47
Let n = 210 + -174. Let i(y) = -y**3 - 5*y**2 + 16*y - 60. Let q be i(-12). What is the highest common divisor of q and n?
36
Let q(y) = -6*y - 3. Let f be q(-2). Let u be 2/(-9) - (-20)/f. Suppose -1023*x + 1838 + 208 = 0. Calculate the greatest common factor of x and u.
2
Suppose -41*g = 4166 - 50127. Calculate the greatest common divisor of 59 and g.
59
Suppose 874984 = 112*i + 214*i. What is the highest common factor of i and 610?
122
Let q(g) = 2*g**2 - 11*g + 8. Let f be q(5). Let d be ((-11)/f)/(1/(-3)). Let m = 146 - 102. What is the greatest common factor of m and d?
11
Suppose -d - 2*t = -86, d - 21*t + 19*t = 66. What is the greatest common factor of d and 41116?
76
Let b be 2/33 - (-1546720)/924. Calculate the greatest common divisor of b and 4278.
186
Suppose -2*t + 2 + 6 = 0, 3*n - 2*t = -32. Let m be 2 + (9 - -57) + n. Calculate the highest common divisor of 1140 and m.
60
Suppose -8 = -4*q - 4*p, 4*q + 8*p - 3*p = 8. Suppose q*i - 282 = -4*i. What is the highest common divisor of i and 188?
47
Suppose 2*z = -2*z + 180. Let j = 189 - z. Suppose -5*q + 51*l + 74 = 55*l, -2*l = 8. What is the highest common divisor of j and q?
18
Let w be 308/35*10*3/12. Let l(n) = 278*n**3 + 2*n**2 - 2*n + 1. Let f be l(1). Let r = f + -81. What is the greatest common factor of w and r?
22
Let t(y) = 3*y + 121. Let i be t(-21). Calculate the highest common factor of i and 22.
2
Let n be 16/(-14)*3696/(-264). Calculate the highest common divisor of n and 20656.
16
Let b be (-474)/(-18) + 9/(-27). Suppose -1519 = 19*c - b*c. What is the highest common factor of c and 62?
31
Let x(u) = u + 6. Let d be x(11). Suppose 0 = d*i - 87 - 202. What is the greatest common divisor of i and 17?
17
Suppose 618*o - 631*o = -208. Suppose 2*t - 62 = -2*k, 0*k = -5*t - 4*k + 156. What is the greatest common divisor of o and t?
16
Suppose 8*x + 4*x - 18952 = 2*b, b = 4*x - 6316. Calculate the highest common divisor of x and 60.
20
Let t be -3 + 270/80 + (-170)/(-16). What is the greatest common divisor of t and 6127?
11
Suppose v + 33 = d + 3*v, -2*v + 150 = 4*d. Let s(z) = -2*z**3 - 20*z**2 + 13. Let y be s(-10). Calculate the highest common factor of d and y.
13
Let l be (1 - 3)/((-44)/12 - -3). Suppose -2*v = -l*v + 24. Calculate the greatest common factor of v and 21.
3
Let f = -31 + 128. Let w = f + -96. What is the highest common divisor of w and 31?
1
Suppose z = 2*o - 4, 0 = -2*z + z + 5*o - 13. Suppose 0 = 5*f - z*f - 468. Let q = f - 63. Calculate the highest common divisor of q and 31.
31
Let q = 19 - -18. Let v(n) = 0*n**3 + 95 + 9*n**2 + 13*n**2 - 141 - n**3 - q*n. Let h be v(20). What is the greatest common divisor of h and 70?
14
Suppose -47 = 5*q - 2. Let o be ((-4)/36*-3)/(1/q). Let w be 1 + 2 + -2 - o. Calculate the greatest common factor of w and 32.
4
Let i be (-11 + 5)/(-12)*0/(-2). Suppose i = -33*u + 35*u - 24. Let y be (u - -4) + (-6)/3. Calculate the greatest common divisor of y and 35.
7
Suppose -3*x - 12 = 0, -3*u + 152 = 140*x - 145*x. What is the highest common divisor of u and 913?
11
Suppose 3*d = 2*d + 76. Let u(h) = -29 - 33 + 43 - 47 - 17*h. Let x be u(-5). Calculate the greatest common divisor of d and x.
19
Let c = 1130 - -1698. Calculate the highest common factor of 56 and c.
28
Let z = 499 + -562. Let c = z + 189. Calculate the highest common factor of 24 and c.
6
Let g be (3 - (-675)/(-18))*(-28)/6. Suppose 5*u + 3*t - 6*t = 227, -2 = -2*t. What is the highest common divisor of u and g?
23
Let z = 2253 - 900. What is the highest common divisor of z and 11?
11
Let z = 13128 + -9744. What is the highest common divisor of z and 1598?
94
Suppose 0 = 2*k - 7 - 1. Let s = 2725 + -2657. Calculate the greatest common divisor of s and k.
4
Let v = 705 + -702. Suppose -v*y + 0*y + 2*b + 1 = 0, -y + 2 = b. What is the highest common factor of 29 and y?
1
Let u be 0 + 1 + -1 + 5 + 4. Let r(o) = 38*o + 465. Let j be r(-12). What is the greatest common divisor of u and j?
9
Let w = -28 